factors of 18364167?
3, 151, 13513
What are the prime factors of 252117252?
2, 3, 107, 21817
What are the prime factors of 1712358241?
11, 233, 60737
List the prime factors of 44573015.
5, 199, 44797
List the prime factors of 31378356.
2, 3, 871621
List the prime factors of 77950358.
2, 23, 1694573
List the prime factors of 161309548.
2, 40327387
What are the prime factors of 6775787?
73, 101, 919
What are the prime factors of 990835420?
2, 5, 191, 259381
What are the prime factors of 51141568?
2, 31, 149, 173
What are the prime factors of 4786267568?
2, 31, 263, 36691
What are the prime factors of 91082813?
79, 1051, 1097
What are the prime factors of 258228284?
2, 64557071
List the prime factors of 93190443.
3, 179, 173539
What are the prime factors of 869048143?
17, 431, 6977
List the prime factors of 86342427.
3, 9593603
List the prime factors of 356614040.
2, 5, 19, 469229
List the prime factors of 2845960700.
2, 5, 11, 271, 9547
What are the prime factors of 48481674?
2, 3, 109, 74131
List the prime factors of 6476169.
3, 7, 19, 16231
What are the prime factors of 48786803?
13, 3752831
What are the prime factors of 1258197161?
13, 29, 3337393
What are the prime factors of 39152208?
2, 3, 815671
What are the prime factors of 4367652871?
4159, 1050169
What are the prime factors of 511000389?
3, 56777821
What are the prime factors of 313253816?
2, 39156727
What are the prime factors of 69706424?
2, 8713303
List the prime factors of 1940648919.
3, 11, 251, 234293
What are the prime factors of 411330435?
3, 5, 27422029
List the prime factors of 3906675708.
2, 3, 13, 2111, 11863
What are the prime factors of 41070425?
5, 11, 13577
List the prime factors of 2071351998.
2, 3, 1231, 93481
List the prime factors of 146205809.
146205809
What are the prime factors of 648745?
5, 129749
List the prime factors of 211403081.
211403081
List the prime factors of 162024836.
2, 40506209
List the prime factors of 362635320.
2, 3, 5, 317, 9533
List the prime factors of 14419675.
5, 576787
What are the prime factors of 383921174?
2, 7, 13, 31, 9721
List the prime factors of 684357718.
2, 11, 29, 449, 2389
List the prime factors of 32825199.
3, 11, 179, 5557
List the prime factors of 1146223656.
2, 3, 5306591
List the prime factors of 1491697912.
2, 17, 83, 103, 1283
List the prime factors of 59906889.
3, 7, 59, 71, 227
What are the prime factors of 24265930?
2, 5, 13, 73, 2557
What are the prime factors of 5107031284?
2, 103, 12395707
List the prime factors of 533488957.
533488957
What are the prime factors of 145313887?
3779, 38453
List the prime factors of 4827787775.
5, 2239, 86249
List the prime factors of 4928956957.
29, 9161, 18553
What are the prime factors of 4753587399?
3, 11, 23, 31, 202031
List the prime factors of 71988713.
71988713
List the prime factors of 4240481336.
2, 7, 13, 5824837
What are the prime factors of 130602762?
2, 3, 7255709
What are the prime factors of 2843111632?
2, 4637, 38321
List the prime factors of 2548289418.
2, 3, 109, 3896467
What are the prime factors of 307820161?
11, 27983651
List the prime factors of 122129013.
3, 53, 768107
What are the prime factors of 798004144?
2, 7, 7125037
List the prime factors of 810104658.
2, 3, 11, 449, 27337
What are the prime factors of 648673360?
2, 5, 53, 152989
List the prime factors of 275756884.
2, 13, 5303017
List the prime factors of 5637320510.
2, 5, 421, 1339031
What are the prime factors of 437411787?
3, 19, 403889
What are the prime factors of 56838705?
3, 5, 7, 11, 49211
List the prime factors of 4360111.
7, 487, 1279
What are the prime factors of 348741317?
37, 2017, 4673
List the prime factors of 975986373.
3, 325328791
What are the prime factors of 67023864?
2, 3, 359, 2593
List the prime factors of 8014843667.
73, 107, 839, 1223
List the prime factors of 55854798.
2, 3, 89, 104597
List the prime factors of 1007441730.
2, 3, 5, 29, 89, 4337
List the prime factors of 483138405.
3, 5, 29, 123407
List the prime factors of 5420107.
7, 11, 43, 1637
List the prime factors of 171585791.
13, 13198907
What are the prime factors of 42102302?
2, 11, 17, 112573
What are the prime factors of 3362126741?
19, 59, 149, 20129
List the prime factors of 6144254.
2, 3072127
List the prime factors of 124144944.
2, 3, 7, 11, 33589
List the prime factors of 479103140.
2, 5, 31, 463, 1669
What are the prime factors of 426960561?
3, 142320187
List the prime factors of 1900762900.
2, 5, 19007629
What are the prime factors of 665648?
2, 41603
What are the prime factors of 41019452?
2, 113, 151, 601
What are the prime factors of 23483325?
3, 5, 353, 887
What are the prime factors of 41333750?
2, 5, 43, 769
List the prime factors of 612145436.
2, 7, 139, 22469
List the prime factors of 3673255329.
3, 408139481
What are the prime factors of 2834422836?
2, 3, 7, 4820447
What are the prime factors of 69467497?
11, 31, 101, 2017
What are the prime factors of 132002881?
647, 204023
What are the prime factors of 27948740?
2, 5, 1397437
What are the prime factors of 15474848?
2, 461, 1049
List the prime factors of 470476297.
877, 536461
What are the prime factors of 5625449718?
2, 3, 7, 1303, 102793
What are the prime factors of 127932651?
3, 7, 11, 184607
List the prime factors of 639664629.
3, 29, 157, 46831
List the prime factors of 350030609.
29, 12070021
List the prime factors of 64223624.
2, 59, 136067
List the prime factors of 69481968.
2, 3, 853, 1697
What are the prime factors of 242841879?
3, 7, 31, 124343
What are the prime factors of 2492589034?
2, 13, 29, 3305821
List the prime factors of 81473072.
2, 67, 76001
List the prime factors of 36297102.
2, 3, 6049517
List the prime factors of 20089716.
2, 3, 17, 98479
List the prime factors of 42339570.
2, 3, 5, 7, 13, 1193
List the prime factors of 7634402449.
17, 43, 10443779
What are the prime factors of 1450422612?
2, 3, 4476613
List the prime factors of 294931075.
5, 11797243
List the prime factors of 989438332.
2, 419, 590357
List the prime factors of 1339460027.
1339460027
What are the prime factors of 1471193722?
2, 29, 31, 818239
What are the prime factors of 24308889?
3, 11, 37, 43, 463
List the prime factors of 258927945.
3, 5, 137, 163, 773
List the prime factors of 9582027049.
7, 1368861007
List the prime factors of 832763881.
31, 26863351
List the prime factors of 121768506.
2, 3, 29, 479, 487
List the prime factors of 186116484.
2, 3, 15509707
List the prime factors of 1216891481.
13, 97, 619, 1559
List the prime factors of 313326059.
41, 109, 70111
What are the prime factors of 4366526153?
11, 36086993
What are the prime factors of 1636546956?
2, 3, 11, 17, 47, 59, 263
List the prime factors of 100244785.
5, 1163, 17239
List the prime factors of 36486502.
2, 13, 1403327
What are the prime factors of 96055208?
2, 89, 134909
List the prime factors of 37334247.
3, 12444749
List the prime factors of 43983725.
5, 1759349
What are the prime factors of 1224095311?
19, 1213, 53113
What are the prime factors of 61798968?
2, 3, 7, 11, 71, 157
What are the prime factors of 285017140?
2, 5, 14250857
What are the prime factors of 516514191?
3, 37, 4653281
What are the prime factors of 2420335649?
37, 4861, 13457
List the prime factors of 2498094082.
2, 11, 61, 1861471
List the prime factors of 211285471.
227, 930773
What are the prime factors of 4629068638?
2, 2314534319
List the prime factors of 120400184.
2, 15050023
List the prime factors of 23537871.
3, 7, 41513
What are the prime factors of 240552181?
1987, 121063
What are the prime factors of 4124239744?
2, 32220623
What are the prime factors of 7976991?
3, 11, 241727
List the prime factors of 8549310334.
2, 2129, 2007823
What are the prime factors of 43445216?
2, 1087, 1249
What are the prime factors of 611558584?
2, 7, 13, 840053
What are the prime factors of 28260847?
19, 43, 34591
List the prime factors of 4749192828.
2, 3, 17, 73, 106303
List the prime factors of 481213578.
2, 3, 80202263
List the prime factors of 529342970.
2, 5, 13, 4071869
List the prime factors of 3160088470.
2, 5, 7, 11, 4104011
List the prime factors of 1747780357.
61, 347, 82571
What are the prime factors of 32078213?
19, 1688327
List the prime factors of 1829140665.
3, 5, 11, 23, 43, 1019
List the prime factor